ulate the highest common factor of 52 and r.
13
Suppose -29*f = -1039 - 63. What is the greatest common divisor of 2 and f?
2
Let j(k) = k**3 - 11*k**2 + 15*k - 14. Let p be j(10). Let f = 510 + -402. What is the highest common divisor of p and f?
36
Suppose -83*s = -84*s + 114. Calculate the highest common factor of 6 and s.
6
Suppose 5*z + 51 = 2*y, 2*z - 10 = -y + 2. Suppose 3*s - 6*s + y = 0. Let f be (s/(-4))/((-1)/4). What is the greatest common factor of 2 and f?
2
Let f = 18 + -9. Let g = f + -5. Let n be (21 - -1)*-9*(-6)/27. What is the highest common divisor of g and n?
4
Let m be (3 - 7)*(0 - (-1)/(-1)). Suppose -m*r = -2*y - 38, -3*r + 0*y = 4*y - 23. Calculate the greatest common divisor of r and 117.
9
Let w = -1 + 34. Let i(f) = 3*f**2 + f + 1. Let c = 16 - 18. Let k be i(c). What is the greatest common factor of w and k?
11
Let o = 288 + -135. Calculate the highest common factor of o and 9.
9
Let n(o) = o**3 + 0*o + 4*o**2 - 4*o + 73 - 72. Let s be n(-5). Let g = s - -12. What is the highest common divisor of 20 and g?
4
Let p = 1 + 17. Suppose -q + 5*n = -14, q = -q + 5*n + p. What is the highest common factor of q and 4?
4
Suppose 4*q + 343 = 7*q + 4*i, 3*q - 361 = 5*i. What is the highest common divisor of q and 247?
13
Let q(c) = c - 4. Let n be q(7). Suppose -4*z = -2*h - 22, -29 = -3*z + n*h + h. Calculate the highest common factor of 15 and z.
3
Suppose 132 = 6*x - 132. Suppose 5*k - x = -h, 2*k - k = -4*h + 24. Calculate the highest common divisor of k and 1.
1
Suppose 2*h = -h. Suppose 60 = -0*l + l - i, h = -l + 4*i + 51. Let v = -42 + l. What is the greatest common factor of v and 21?
21
Suppose -2*q - 5*m = -64, -4*m + 3*m = -4*q + 106. Suppose -12*t = -9*t - q. Calculate the highest common factor of 1 and t.
1
Let w(y) be the first derivative of 2*y**3/3 + 3*y**2/2 + 5*y + 12. Let i be w(6). What is the highest common divisor of 38 and i?
19
Let r(t) = t**2 - 3*t + 10. Let o be r(7). Let z(g) = 10*g**2 - 14*g - 64. Let d be z(-4). What is the highest common divisor of o and d?
38
Let u = -46 + 61. Suppose 4*g = g + u. Suppose h - 51 = -6. What is the greatest common divisor of g and h?
5
Suppose -2*r + 615 = -5*t, 9*t - 3 = 10*t. Calculate the highest common divisor of 15 and r.
15
Suppose -2*i = -i. Let t be (i + 3)*68/6. What is the highest common factor of 51 and t?
17
Let n(v) = -v**2 - 18*v - 55. Let t be n(-14). Let w be (2 - 1) + -29 + 0. Let c be w/(-2 - (t + -2)). What is the greatest common factor of 28 and c?
28
Let j(x) = 2*x**2 - 19*x - 3. Let p be j(-7). What is the greatest common factor of p and 156?
12
Suppose -10*u = -8*u - 6. Let x(s) = 3*s - 1. Let d be x(1). Suppose -d*h = h - 6. Calculate the greatest common divisor of u and h.
1
Suppose -2*i - 3*q + 36 = -q, -3*i + q = -42. Calculate the greatest common factor of 45 and i.
15
Suppose 110 = 89*g - 79*g. Calculate the greatest common factor of 1463 and g.
11
Let v be (5 + 13)/(195/(-204) + 1). Calculate the highest common divisor of v and 48.
24
Let o = 4 - 6. Let r be (1/3)/(o/(-12)). Suppose -3*a + 90 = r*a. What is the highest common factor of 18 and a?
18
Suppose 0 = 4*k - 13 - 119. Calculate the highest common factor of k and 209.
11
Let c be ((-12)/(-7))/((-1)/(-21)). Calculate the greatest common divisor of 36 and c.
36
Let j(i) = -i**2 - i + 1. Let w(q) = 4*q + 13. Let l(b) = -2*j(b) - w(b). Let r be l(-4). Calculate the highest common factor of 25 and r.
25
Let a = -10 + 39. Let k = a - 17. Let t be (7 + 11)/((-2)/(-12)). Calculate the greatest common factor of k and t.
12
Let g be 4/(-8)*(-56 - 0). Let l = 49 - g. Let o(m) = m**2 - 20*m + 72. Let b be o(24). What is the highest common factor of b and l?
21
Suppose 10*n + 458 = 12078. Calculate the highest common factor of n and 83.
83
Let p(u) = -2*u**2 + 21*u + 182. Let w be p(16). What is the highest common factor of w and 87?
3
Suppose -52*d + 57*d = 90. What is the greatest common divisor of d and 144?
18
Let a be (-2)/4 - 11/(-2). Suppose -a*l + 78 = 3. Let n(b) = 84*b + 342. Let i be n(-4). What is the highest common factor of l and i?
3
Let r be 9/((-54)/(-48)) - -4. Calculate the greatest common factor of 32 and r.
4
Let l(o) = o**2 - 7*o + 14. Let v be l(3). What is the highest common factor of v and 10?
2
Let n(t) = 14 - 7 + 2 - 7 - 1199*t. Let l be n(-1). Suppose -5*b + 1257 = -2*x, 4*b - x - l + 193 = 0. What is the highest common divisor of b and 23?
23
Let n = -487 + 494. Calculate the highest common divisor of n and 49.
7
Let s = 1 + 10. Let l be (-617)/(-7) - ((-9)/(-63) - 0). Calculate the highest common factor of l and s.
11
Let y be (4/8)/((-3)/(-222)). What is the highest common factor of 333 and y?
37
Let n(x) = -2*x**3 - 8*x**2 - 4*x + 2. Let k be n(-5). Suppose 75*q = k*q + 18. Calculate the greatest common divisor of 6 and q.
6
Let d(q) = q**3 + 4*q**2 - 13*q - 1. Let i be d(4). Let r(y) = 3*y**2 + y + 1. Let v be r(-3). What is the greatest common factor of i and v?
25
Let v be -8 + (2 - -8) + 155. What is the greatest common factor of v and 1?
1
Let t be ((-1)/(-2))/(4/(-8)) - -3. Let j be (-13 - t)/((-6)/8). Let x be (1 - 1) + 140*1. What is the greatest common divisor of j and x?
20
Let t = 22 - 4. Suppose 117 = 16*w - 171. What is the highest common divisor of t and w?
18
Suppose -k + 0*k = 5*d - 203, 406 = 2*k + d. Let j be ((-35)/(-10))/(4/8). Calculate the greatest common factor of k and j.
7
Suppose 10*m = 5*m + 840. Calculate the greatest common divisor of 42 and m.
42
Let v(k) = -46*k**3 - k**2 + 14*k + 24. Let x be v(-3). What is the greatest common factor of 81 and x?
81
Suppose -v - 4*v = -10. Suppose 4*c = -v*c + 72. Calculate the greatest common divisor of c and 108.
12
Let r be 2/3 + (-3360)/(-9) + 1. Calculate the highest common factor of r and 15.
15
Suppose 22*a - 1785 + 663 = 0. Calculate the greatest common divisor of a and 187.
17
Let s(u) = u**2 + 6*u - 7. Let o be s(5). What is the greatest common divisor of o and 768?
48
Let p(a) = a**3 - 45*a**2 - 91*a - 67. Let t be p(47). What is the highest common factor of 1369 and t?
37
Let r = 35 - -3. Let i(g) = 7 - 3*g + 7 - 37 + 20*g**2 - 5. Let p be i(-4). What is the highest common divisor of r and p?
38
Suppose o + 9 - 21 = -5*t, 5*o = 4*t + 2. Suppose -45 = -2*i - 3*w, -t*i + 3*w + 38 - 11 = 0. What is the highest common divisor of 162 and i?
18
Let t(s) = -s**2 - 17*s + 153. Let j be t(6). Calculate the highest common factor of 125 and j.
5
Let w be 464*(-10)/(-35)*(-14)/(-8). What is the greatest common divisor of w and 87?
29
Let w(g) = -g + 21. Let b be w(-12). Suppose 36*d - b*d = 30. Calculate the greatest common divisor of d and 2.
2
Let u = 56 - 32. Let w = -27 + u. Let d be -24*((-24)/(-9) + w). Calculate the greatest common divisor of d and 8.
8
Let p be -1 + -1*(-1 - (4 + -2)). Let u be 179 - ((-51)/(-15) - p/5). Calculate the highest common divisor of u and 11.
11
Let j(l) = l + 8. Let r be j(-6). Suppose 0 = -r*b + 4 + 48. Calculate the highest common factor of 182 and b.
26
Let b(h) = -20*h - 24. Let s be b(-5). What is the highest common divisor of s and 76?
76
Suppose -2*r - 14 = -5*h - 1, 0 = 3*r + 5*h + 7. Let d = -9 - r. Let y be (-2)/d - (-754)/65. Calculate the highest common factor of y and 84.
12
Suppose 0 = 4*y - 5*a - 485, 228 + 375 = 5*y - 3*a. Let t be (-18 - -16)/(28/15 - 2). What is the highest common divisor of t and y?
15
Let p = 227 + -80. Calculate the greatest common divisor of 28 and p.
7
Let i = 769 - 529. What is the highest common divisor of i and 30?
30
Let r(p) = -p + 9. Let l be r(-19). Calculate the greatest common divisor of 308 and l.
28
Let q be (-1652)/(-49) - (-10)/35. Calculate the highest common divisor of 17 and q.
17
Let b be (161/69)/((-2)/(-348)). Calculate the greatest common divisor of 42 and b.
14
Let s(l) = 2*l**2 + 2*l - 4. Let t be s(-5). Calculate the greatest common divisor of t and 9.
9
Suppose -3*r + 6 = g, 2*g + 2*g - r = 37. Let i = -914 - -926. Calculate the greatest common factor of i and g.
3
Let p be (-134)/(-11) + (-8)/44. Let n be p/30 + 46/10. Let y be n/(0 + 3/21). What is the greatest common divisor of 14 and y?
7
Let m = 60 + -25. Suppose 0 = 133*n - 139*n + 840. What is the greatest common divisor of m and n